-64. Is o(r) a composite number?
True
Let c = 1665 + -808. Suppose -3*f + 0*g - 4*g = -2615, -f = 5*g - c. Let o = f - 432. Is o composite?
True
Let n be (11 + -5)*178/(-4). Let h = n - -490. Is h prime?
True
Let i(w) = -3*w + 37. Let q be i(12). Let l be (-2 + 0)*(q - 4). Suppose -j - 511 = -n, l*n + 519 = 7*n - 5*j. Is n a prime number?
True
Suppose 10*i - 14*i = -72. Suppose -16*x - 37478 = -i*x. Is x prime?
False
Suppose -4*b + 1506 = -2886. Suppose b = -6*r - 294. Is (188/16)/((-2)/r) composite?
True
Suppose -9*c + 6*c = -2*p - 5789, 1935 = c + 2*p. Let o = 5194 - c. Is o a prime number?
False
Suppose -31*g + 28*g = -t + 240768, -240748 = -t - g. Is t a prime number?
False
Is (-53471)/(3*(-4)/12) prime?
False
Let j = -62157 - -392818. Is j composite?
False
Let k be 1/3 + 280/(-30). Let c(v) = -971*v + 176. Is c(k) a prime number?
False
Let x = 937906 - 637005. Is x composite?
True
Let m(n) = n**3 - 22*n**2 - 8*n + 25. Let o be m(26). Let l be 22/6 - 4/6. Suppose 0 = -4*i + l*p + o, -3*i + p + 1894 = 2*p. Is i composite?
False
Suppose 2719871 - 3719469 = -302*s + 71126760. Is s composite?
False
Let s(i) = 855*i + 13. Suppose 88 + 112 = 20*x. Is s(x) a composite number?
False
Let n be 14/(-42)*(-5 - 1). Is (-14061)/(-43) + 2*n a prime number?
True
Let h(n) = -56*n**2 + 9*n + 7. Let a(f) = -57*f**2 + 9*f + 8. Let w(p) = 4*a(p) - 5*h(p). Is w(-4) composite?
True
Let i(s) = 1350*s**2 + 25*s - 24. Is i(5) prime?
True
Suppose 85*f - 218093 = 68*f. Suppose f = 6*a - 22205. Is a a composite number?
False
Let b(a) = 2525*a + 8. Let d be b(2). Suppose -3*m - 1191 = 3*h - d, 4*m - 3869 = -3*h. Let u = h + -890. Is u composite?
False
Let u(j) = -j + 3. Let d be u(-7). Let g be (-36)/d + 8/(-20) - -17654. Suppose -4*w + 378 = -g. Is w a composite number?
False
Let j(v) = v**3 - 53*v**2 + 8*v - 24. Let u(o) = -o**2 - o - 1. Let i(a) = -j(a) + 3*u(a). Is i(20) a prime number?
True
Let c be (-1)/(14/119 - 11/(-51)). Is 1095 + 0 + -6 + c + 1 prime?
True
Suppose -177*r + 14422714 = -19*r. Is r composite?
False
Suppose -5*i - n = -4*i - 1, 0 = -2*i + 4*n - 4. Suppose i = 2*z - o - 419, 2*z + 5*o = 393 + 44. Is z a prime number?
True
Let p(a) = a**3 + 9*a**2 - 6*a + 7. Let x be p(-9). Let f = -61 + x. Suppose f = 2*q - 3*r - 9550, 29912 - 6015 = 5*q - 2*r. Is q composite?
True
Let h(x) = -14688*x**3 + x**2 + 5*x + 3. Let b(k) = -9*k - 64. Let d be b(-7). Is h(d) composite?
True
Let o(r) = -r**3 - 2*r**2 + 11*r + 16. Let h be o(-4). Suppose -h*b = 3*b - 8057. Is b a composite number?
False
Suppose 7608 = -4*a + 4*i, 4208 = -5*a + 4*i - 5298. Let q = 3339 + a. Is q prime?
False
Suppose 122*h = -34*h + 28*h + 32021376. Is h a prime number?
False
Let p(r) = -55*r**3 - 36*r**2 - 78*r - 99. Let l(z) = 82*z**3 + 53*z**2 + 116*z + 148. Let c(o) = -5*l(o) - 7*p(o). Is c(-13) prime?
False
Let t = 6940 + 5525. Suppose -t = -5*j + w + 9741, -w = 1. Is j a composite number?
False
Let l(i) = -3*i**2 - 13*i - 80. Let w(g) = 2*g**2 - g. Let s(r) = -l(r) + 3*w(r). Is s(-7) composite?
True
Suppose 2 = 3*a - 13. Suppose -2*g - 9 = -a*g. Suppose 0 = 6*u - g*u + d - 1186, -4*d = 5*u - 1979. Is u a composite number?
True
Let d = -65 - -66. Suppose -2*c + 11 = -4*g - d, 2 = 5*c + 4*g. Is 3/c*(-1266)/(-9) composite?
False
Let d(k) = k**3 + k**2 - k + 1. Let x(i) = 10*i**3 + i**2 - i. Let y(c) = 4*d(c) + x(c). Let g be y(-9). Is (28/(-8) + 4)/((-4)/g) composite?
True
Let s(z) = 0*z**2 + 0*z + z + 381 + z**2. Let c be 0/(4/(5 + -1)). Is s(c) a composite number?
True
Suppose 2*x - 1146 = -4*u + 86, u = 2. Let t(h) = 8*h**3 + h**2 - 3*h + 5. Let q be t(-5). Let z = x - q. Is z a prime number?
True
Suppose 137*q - 44*q = 2288823. Is q a composite number?
False
Suppose -28*y + 19792482 - 13988902 + 17628024 = 0. Is y prime?
False
Let c(u) = -335695*u + 819. Is c(-2) composite?
False
Let r = -7675 - -29798. Is r prime?
True
Let o be (-2 + 3)/((-3)/26541). Let a = -23552 - o. Is ((-3)/(-5))/((-17)/a) prime?
False
Let t be 36/(-24)*100/(-6). Suppose -c - 20 = -t. Suppose c*x - 237 = 2*x. Is x a prime number?
True
Suppose 40 = 21*r - 25*r. Let i(l) = 95*l**2 - 7*l - 37. Is i(r) a composite number?
False
Let b(f) = 9*f**2 - 18*f + 127. Suppose -36 = -14*h - 400. Is b(h) a composite number?
False
Suppose -2*g + 20*a + 194014 = 22*a, 5*g - 485035 = 5*a. Is g a composite number?
False
Let x be 1*-1*(-3 + 1 + -44). Is 1049 + x + (-8)/1 a composite number?
False
Suppose 0 = -4*n - h + 18813, 7*h - 4*h = 5*n - 23512. Is n composite?
False
Let z(s) = 239*s**2 + 11*s - 11. Let h be z(-10). Suppose -4*b = -h - 38953. Is b composite?
False
Suppose 10 = -55*g + 60*g. Suppose 5*q - f - 7249 = 994, -4*q - g*f = -6600. Suppose -p + 2*a = -a - q, 4*p - 6564 = 4*a. Is p a composite number?
False
Let a(v) = -314*v**2 + 5*v + 5. Let r be a(-4). Let j(p) = -67*p**2 - 4*p + 17. Let g be j(-7). Let y = g - r. Is y a composite number?
False
Let h(g) = -g**2 + 9*g - 16. Let j be h(5). Let d be 2 + -2 - (j + 456). Is (-1 + 0)*(d - 35/5) a prime number?
True
Let b = 274 - 269. Suppose q + q - 24622 = 5*a, 5*a = b*q - 61525. Is q composite?
False
Let d(y) = -y**2 - 9*y - 12. Let s be d(-7). Suppose 0 = 4*k - 12, 5*x - s*k - 2544 - 565 = 0. Is x prime?
False
Let b = 660999 - 449806. Is b prime?
True
Suppose -5*o - 8 = -4*o - 5*w, 12 = 2*o + 4*w. Let a = 7110 - 4775. Suppose 3*k + o*k = a. Is k a composite number?
False
Suppose 356 = -2*z - 454. Let b = z + 1166. Is b a prime number?
True
Suppose -1573 = -3*w - i, -5 = 8*i - 7*i. Suppose 533*g = w*g + 26747. Is g composite?
False
Is 11788 + 171/54 + 5/(-30) composite?
True
Suppose 0 = -3*c + 3573 + 84. Let z = 598 + -593. Suppose 4876 = z*p - c. Is p composite?
True
Suppose 23*s - 16955102 = -7*s - 44*s. Is s a composite number?
False
Let h = 31109 + 360. Is h a composite number?
False
Suppose -5*w + 47663 = 4*c, -2*c + 303 = 6*w - 23525. Is c a composite number?
True
Suppose 28*s + 3822306 = 116*s - 1841990. Is s composite?
True
Let p(q) = 7*q**2 - q + 50. Let k(l) = 7*l**2 - 2*l + 52. Let x(s) = -2*k(s) + 3*p(s). Is x(0) prime?
False
Let a be 7350/6 + (-6 - 0). Let i(c) = -1234*c**3 + c**2 - c - 1. Let m be i(-1). Suppose -6*b = -m - a. Is b composite?
False
Suppose 0 = -21*n + 11931723 - 3145386. Is n a prime number?
False
Suppose 0 = 8*r - 2 - 14. Let d = -404 - -682. Suppose d + 1496 = r*a. Is a a prime number?
True
Suppose 141*u - 140*u = 385. Let d = u - -162. Is d a composite number?
False
Let u(w) = -6981*w - 668. Is u(-15) a composite number?
False
Suppose 6 = 5*i - 4. Is (0 - (-8823)/6)*i a composite number?
True
Let d = 1252 + -889. Suppose -3309 + d = -6*b. Is b a composite number?
False
Let b be (-4)/10*(-20)/8*-9. Is (-1023 - -4)*(6 + b) prime?
False
Is 18/(-15) + 2 - 26/((-130)/6947711) a prime number?
False
Let m(r) = 3*r**2 - 66*r - 24. Let u be m(20). Let c = -93 - u. Is c a prime number?
False
Suppose -9*v = -63*v + 8413254. Is v prime?
True
Let b(y) = 2*y**3 - 54*y**2 - 20*y + 4. Let p be b(14). Let m = p + 10411. Is m a prime number?
True
Let x(u) = 57*u**2 + 47*u + 58865*u**3 - 58864*u**3 - 7 + 18. Is x(-34) composite?
True
Let v(d) = -7*d + 22. Let a be v(-4). Suppose -4*z - 6 = a. Is (5 - 2345/z)*(-4)/(-6) a prime number?
False
Let h(t) be the third derivative of 13*t**5/30 + 11*t**4/24 - 11*t**3/6 + 2*t**2 - 19. Is h(8) a composite number?
False
Let d = -82628 - -208719. Is d composite?
True
Let h be (-48)/5 + 24/(-60). Let i be (h/6)/(((-20)/4)/1995). Suppose 0 = 9*u - 4*u - i. Is u a composite number?
True
Let s(c) = -c**3 - 11*c**2 + 15*c. Let g be s(-13). Suppose 0 = -g*h + 140*h + 18357. Is h composite?
True
Let o be (-536)/18 - 3*4/54. Let n = -26 - o. Suppose 4*q = -n*q + 680. Is q prime?
False
Let l(b) = -b**3 + b + 3. Let s be l(0). Suppose -4*p - 14 = -s*d - 5*p, -5*d + 3*p = 0. Suppose -f = -d*m - 579, 2*f - 2*m = -0*f + 1158. Is f prime?
False
Let n be ((-10848)/1)/2 - (-9 + 6). Let b = 544 - n. Is b a composite number?
True
Let k = 53228 + 10027. Suppose 0 = 4*v + 5*c - 84376, -3*v - 7*c = -10*c - k. Is v prime?
True
Let s = -833 - -1523. Suppose 2*v - 4*b = 1832, 2*b = -2*v + 1154 + s. Suppose 3*j - 880 = -p, p - 2*j = 3*j + v. Is p composite?
True
Suppose 4*x = 2*k + 41674, 4*k + 104196 = -k - x. Let s be (-63 + 1)/1 - 1. Is 